{"id":263,"date":"2023-11-29T10:32:31","date_gmt":"2023-11-29T09:32:31","guid":{"rendered":"http:\/\/www.simd5.l3-digital.fr\/?page_id=263"},"modified":"2024-03-18T16:15:11","modified_gmt":"2024-03-18T15:15:11","slug":"mes-competences","status":"publish","type":"page","link":"https:\/\/www.simd5.l3-digital.fr\/index.php\/mes-competences\/","title":{"rendered":"Mes comp\u00e9tences"},"content":{"rendered":"\n<p>Voici quelques comp\u00e9tences que j&rsquo;ai acquises ces derni\u00e8res ann\u00e9es.<\/p>\n\n\n\n<div class=\"wp-block-columns is-layout-flex wp-container-core-columns-is-layout-9d6595d7 wp-block-columns-is-layout-flex\">\n<div class=\"wp-block-column is-vertically-aligned-center is-layout-flow wp-block-column-is-layout-flow\" style=\"flex-basis:33.33%\"><div class=\"wp-block-image\">\n<figure class=\"aligncenter size-full\"><img loading=\"lazy\" decoding=\"async\" width=\"225\" height=\"135\" src=\"http:\/\/www.simd5.l3-digital.fr\/wp-content\/uploads\/2023\/11\/drapeau-RU.png\" alt=\"\" class=\"wp-image-269\"\/><\/figure>\n<\/div>\n\n\n<figure class=\"wp-block-image size-full\"><img loading=\"lazy\" decoding=\"async\" width=\"792\" height=\"370\" src=\"https:\/\/www.simd5.l3-digital.fr\/wp-content\/uploads\/2024\/03\/toeic.png\" alt=\"\" class=\"wp-image-361\" srcset=\"https:\/\/www.simd5.l3-digital.fr\/wp-content\/uploads\/2024\/03\/toeic.png 792w, https:\/\/www.simd5.l3-digital.fr\/wp-content\/uploads\/2024\/03\/toeic-300x140.png 300w, https:\/\/www.simd5.l3-digital.fr\/wp-content\/uploads\/2024\/03\/toeic-768x359.png 768w\" sizes=\"auto, (max-width: 792px) 100vw, 792px\" \/><\/figure>\n<\/div>\n\n\n\n<div class=\"wp-block-column is-vertically-aligned-center is-layout-flow wp-block-column-is-layout-flow\" style=\"flex-basis:66.66%\">\n<p>Certification TOEIC avec le niveau B2.<\/p>\n<\/div>\n<\/div>\n\n\n\n<div class=\"wp-block-columns is-layout-flex wp-container-core-columns-is-layout-9d6595d7 wp-block-columns-is-layout-flex\">\n<div class=\"wp-block-column is-vertically-aligned-center is-layout-flow wp-block-column-is-layout-flow\"><div class=\"wp-block-image\">\n<figure class=\"aligncenter size-large is-resized\"><img loading=\"lazy\" decoding=\"async\" width=\"1024\" height=\"576\" src=\"http:\/\/www.simd5.l3-digital.fr\/wp-content\/uploads\/2023\/11\/Canva-Logo-1024x576.png\" alt=\"\" class=\"wp-image-271\" style=\"width:254px;height:auto\" srcset=\"https:\/\/www.simd5.l3-digital.fr\/wp-content\/uploads\/2023\/11\/Canva-Logo-1024x576.png 1024w, https:\/\/www.simd5.l3-digital.fr\/wp-content\/uploads\/2023\/11\/Canva-Logo-300x169.png 300w, https:\/\/www.simd5.l3-digital.fr\/wp-content\/uploads\/2023\/11\/Canva-Logo-768x432.png 768w, https:\/\/www.simd5.l3-digital.fr\/wp-content\/uploads\/2023\/11\/Canva-Logo-1536x864.png 1536w, https:\/\/www.simd5.l3-digital.fr\/wp-content\/uploads\/2023\/11\/Canva-Logo-2048x1152.png 2048w, https:\/\/www.simd5.l3-digital.fr\/wp-content\/uploads\/2023\/11\/Canva-Logo-1140x641.png 1140w\" sizes=\"auto, (max-width: 1024px) 100vw, 1024px\" \/><\/figure>\n<\/div><\/div>\n\n\n\n<div class=\"wp-block-column is-vertically-aligned-center is-layout-flow wp-block-column-is-layout-flow\"><div class=\"wp-block-image\">\n<figure class=\"aligncenter size-full is-resized\"><img loading=\"lazy\" decoding=\"async\" width=\"300\" height=\"222\" src=\"http:\/\/www.simd5.l3-digital.fr\/wp-content\/uploads\/2024\/03\/capcut-logo-A52AD0DA7D-seeklogo.com_-e1710348414915.png\" alt=\"\" class=\"wp-image-334\" style=\"width:197px;height:auto\"\/><\/figure>\n<\/div><\/div>\n\n\n\n<div class=\"wp-block-column is-vertically-aligned-center is-layout-flow wp-block-column-is-layout-flow\"><div class=\"wp-block-image\">\n<figure class=\"aligncenter size-full is-resized\"><img loading=\"lazy\" decoding=\"async\" width=\"1024\" height=\"1024\" src=\"http:\/\/www.simd5.l3-digital.fr\/wp-content\/uploads\/2023\/11\/wordpresse-logo.png\" alt=\"\" class=\"wp-image-272\" style=\"width:163px;height:auto\" srcset=\"https:\/\/www.simd5.l3-digital.fr\/wp-content\/uploads\/2023\/11\/wordpresse-logo.png 1024w, https:\/\/www.simd5.l3-digital.fr\/wp-content\/uploads\/2023\/11\/wordpresse-logo-300x300.png 300w, https:\/\/www.simd5.l3-digital.fr\/wp-content\/uploads\/2023\/11\/wordpresse-logo-150x150.png 150w, https:\/\/www.simd5.l3-digital.fr\/wp-content\/uploads\/2023\/11\/wordpresse-logo-768x768.png 768w, https:\/\/www.simd5.l3-digital.fr\/wp-content\/uploads\/2023\/11\/wordpresse-logo-75x75.png 75w\" sizes=\"auto, (max-width: 1024px) 100vw, 1024px\" \/><\/figure>\n<\/div><\/div>\n<\/div>\n\n\n\n<div class=\"wp-block-columns is-layout-flex wp-container-core-columns-is-layout-9d6595d7 wp-block-columns-is-layout-flex\">\n<div class=\"wp-block-column is-vertically-aligned-center is-layout-flow wp-block-column-is-layout-flow\">\n<figure class=\"wp-block-image size-large is-resized\"><img loading=\"lazy\" decoding=\"async\" width=\"1024\" height=\"998\" src=\"http:\/\/www.simd5.l3-digital.fr\/wp-content\/uploads\/2023\/11\/logo-AI-1-1024x998.png\" alt=\"\" class=\"wp-image-275\" style=\"width:220px;height:auto\" srcset=\"https:\/\/www.simd5.l3-digital.fr\/wp-content\/uploads\/2023\/11\/logo-AI-1-1024x998.png 1024w, https:\/\/www.simd5.l3-digital.fr\/wp-content\/uploads\/2023\/11\/logo-AI-1-300x293.png 300w, https:\/\/www.simd5.l3-digital.fr\/wp-content\/uploads\/2023\/11\/logo-AI-1-768x749.png 768w, https:\/\/www.simd5.l3-digital.fr\/wp-content\/uploads\/2023\/11\/logo-AI-1-1140x1112.png 1140w, https:\/\/www.simd5.l3-digital.fr\/wp-content\/uploads\/2023\/11\/logo-AI-1.png 1200w\" sizes=\"auto, (max-width: 1024px) 100vw, 1024px\" \/><\/figure>\n<\/div>\n\n\n\n<div class=\"wp-block-column is-vertically-aligned-center is-layout-flow wp-block-column-is-layout-flow\"><div class=\"wp-block-image\">\n<figure class=\"aligncenter size-large is-resized\"><img loading=\"lazy\" decoding=\"async\" width=\"1024\" height=\"998\" src=\"http:\/\/www.simd5.l3-digital.fr\/wp-content\/uploads\/2023\/11\/logo-ID-1024x998.png\" alt=\"\" class=\"wp-image-276\" style=\"width:209px;height:auto\" srcset=\"https:\/\/www.simd5.l3-digital.fr\/wp-content\/uploads\/2023\/11\/logo-ID-1024x998.png 1024w, https:\/\/www.simd5.l3-digital.fr\/wp-content\/uploads\/2023\/11\/logo-ID-300x293.png 300w, https:\/\/www.simd5.l3-digital.fr\/wp-content\/uploads\/2023\/11\/logo-ID-768x749.png 768w, https:\/\/www.simd5.l3-digital.fr\/wp-content\/uploads\/2023\/11\/logo-ID-1140x1112.png 1140w, https:\/\/www.simd5.l3-digital.fr\/wp-content\/uploads\/2023\/11\/logo-ID.png 1200w\" sizes=\"auto, (max-width: 1024px) 100vw, 1024px\" \/><\/figure>\n<\/div><\/div>\n\n\n\n<div class=\"wp-block-column is-vertically-aligned-center is-layout-flow wp-block-column-is-layout-flow\"><div class=\"wp-block-image\">\n<figure class=\"aligncenter size-large is-resized\"><img loading=\"lazy\" decoding=\"async\" width=\"1024\" height=\"998\" src=\"http:\/\/www.simd5.l3-digital.fr\/wp-content\/uploads\/2023\/11\/logo-PS-1-1024x998.png\" alt=\"\" class=\"wp-image-278\" style=\"width:205px;height:auto\" srcset=\"https:\/\/www.simd5.l3-digital.fr\/wp-content\/uploads\/2023\/11\/logo-PS-1-1024x998.png 1024w, https:\/\/www.simd5.l3-digital.fr\/wp-content\/uploads\/2023\/11\/logo-PS-1-300x292.png 300w, https:\/\/www.simd5.l3-digital.fr\/wp-content\/uploads\/2023\/11\/logo-PS-1-768x749.png 768w, https:\/\/www.simd5.l3-digital.fr\/wp-content\/uploads\/2023\/11\/logo-PS-1-1536x1497.png 1536w, https:\/\/www.simd5.l3-digital.fr\/wp-content\/uploads\/2023\/11\/logo-PS-1-2048x1996.png 2048w, https:\/\/www.simd5.l3-digital.fr\/wp-content\/uploads\/2023\/11\/logo-PS-1-1140x1111.png 1140w\" sizes=\"auto, (max-width: 1024px) 100vw, 1024px\" \/><\/figure>\n<\/div><\/div>\n<\/div>\n\n\n\n<div class=\"wp-block-columns is-layout-flex wp-container-core-columns-is-layout-9d6595d7 wp-block-columns-is-layout-flex\">\n<div class=\"wp-block-column is-vertically-aligned-center is-layout-flow wp-block-column-is-layout-flow\"><div class=\"wp-block-image\">\n<figure class=\"aligncenter size-full is-resized\"><img loading=\"lazy\" decoding=\"async\" width=\"1024\" height=\"640\" src=\"http:\/\/www.simd5.l3-digital.fr\/wp-content\/uploads\/2023\/11\/logo-exel.png\" alt=\"\" class=\"wp-image-279\" style=\"width:309px;height:auto\" srcset=\"https:\/\/www.simd5.l3-digital.fr\/wp-content\/uploads\/2023\/11\/logo-exel.png 1024w, https:\/\/www.simd5.l3-digital.fr\/wp-content\/uploads\/2023\/11\/logo-exel-300x188.png 300w, https:\/\/www.simd5.l3-digital.fr\/wp-content\/uploads\/2023\/11\/logo-exel-768x480.png 768w\" sizes=\"auto, (max-width: 1024px) 100vw, 1024px\" \/><\/figure>\n<\/div><\/div>\n\n\n\n<div class=\"wp-block-column is-vertically-aligned-center is-layout-flow wp-block-column-is-layout-flow\"><div class=\"wp-block-image\">\n<figure class=\"aligncenter size-large is-resized\"><img loading=\"lazy\" decoding=\"async\" width=\"1024\" height=\"952\" src=\"http:\/\/www.simd5.l3-digital.fr\/wp-content\/uploads\/2023\/11\/logo-word-1024x952.png\" alt=\"\" class=\"wp-image-280\" style=\"width:225px;height:auto\" srcset=\"https:\/\/www.simd5.l3-digital.fr\/wp-content\/uploads\/2023\/11\/logo-word-1024x952.png 1024w, https:\/\/www.simd5.l3-digital.fr\/wp-content\/uploads\/2023\/11\/logo-word-300x279.png 300w, https:\/\/www.simd5.l3-digital.fr\/wp-content\/uploads\/2023\/11\/logo-word-768x714.png 768w, https:\/\/www.simd5.l3-digital.fr\/wp-content\/uploads\/2023\/11\/logo-word-1140x1060.png 1140w, https:\/\/www.simd5.l3-digital.fr\/wp-content\/uploads\/2023\/11\/logo-word.png 1200w\" sizes=\"auto, (max-width: 1024px) 100vw, 1024px\" \/><\/figure>\n<\/div><\/div>\n<\/div>\n\n\n\n<div class=\"wp-block-columns is-layout-flex wp-container-core-columns-is-layout-9d6595d7 wp-block-columns-is-layout-flex\">\n<div class=\"wp-block-column is-layout-flow wp-block-column-is-layout-flow\">\n<p><a href=\"https:\/\/www.simd5.l3-digital.fr\/index.php\/mes-etudes\/\" data-type=\"page\" data-id=\"14\">&lt;&lt; Mes \u00e9tudes <\/a><\/p>\n<\/div>\n\n\n\n<div class=\"wp-block-column is-layout-flow wp-block-column-is-layout-flow\">\n<p><\/p>\n<\/div>\n<\/div>\n","protected":false},"excerpt":{"rendered":"<p>Voici quelques comp\u00e9tences que j&rsquo;ai acquises ces derni\u00e8res ann\u00e9es. Certification TOEIC avec le niveau B2. &lt;&lt; Mes \u00e9tudes<\/p>\n","protected":false},"author":3,"featured_media":0,"parent":0,"menu_order":0,"comment_status":"closed","ping_status":"closed","template":"","meta":{"footnotes":""},"class_list":["post-263","page","type-page","status-publish","hentry"],"_links":{"self":[{"href":"https:\/\/www.simd5.l3-digital.fr\/index.php\/wp-json\/wp\/v2\/pages\/263","targetHints":{"allow":["GET"]}}],"collection":[{"href":"https:\/\/www.simd5.l3-digital.fr\/index.php\/wp-json\/wp\/v2\/pages"}],"about":[{"href":"https:\/\/www.simd5.l3-digital.fr\/index.php\/wp-json\/wp\/v2\/types\/page"}],"author":[{"embeddable":true,"href":"https:\/\/www.simd5.l3-digital.fr\/index.php\/wp-json\/wp\/v2\/users\/3"}],"replies":[{"embeddable":true,"href":"https:\/\/www.simd5.l3-digital.fr\/index.php\/wp-json\/wp\/v2\/comments?post=263"}],"version-history":[{"count":8,"href":"https:\/\/www.simd5.l3-digital.fr\/index.php\/wp-json\/wp\/v2\/pages\/263\/revisions"}],"predecessor-version":[{"id":362,"href":"https:\/\/www.simd5.l3-digital.fr\/index.php\/wp-json\/wp\/v2\/pages\/263\/revisions\/362"}],"wp:attachment":[{"href":"https:\/\/www.simd5.l3-digital.fr\/index.php\/wp-json\/wp\/v2\/media?parent=263"}],"curies":[{"name":"wp","href":"https:\/\/api.w.org\/{rel}","templated":true}]}}