{"id":150,"date":"2023-11-24T14:45:35","date_gmt":"2023-11-24T13:45:35","guid":{"rendered":"http:\/\/www.simd5.l3-digital.fr\/?page_id=150"},"modified":"2024-03-17T15:30:57","modified_gmt":"2024-03-17T14:30:57","slug":"le-voyage","status":"publish","type":"page","link":"https:\/\/www.simd5.l3-digital.fr\/index.php\/le-voyage\/","title":{"rendered":"Le voyage"},"content":{"rendered":"\n<p>Gr\u00e2ce \u00e0 mes parents, j&rsquo;ai eu la chance de beaucoup voyager. D\u00e8s l&rsquo;\u00e2ge de 5 ans, j&rsquo;ai d\u00e9couvert de nombreuses cultures, pays et paysages. Tous ces voyages m&rsquo;ont permis d&rsquo;ouvrir les yeux sur les conditions de vie, qui sont parfois diff\u00e9rentes et plus difficiles, dans d&rsquo;autres pays. J&rsquo;ai beaucoup appris sur l&rsquo;histoire de chaque pays ; j&rsquo;ai \u00e9galement surmont\u00e9 des peurs et rencontr\u00e9 des personnes. Je pense que mon ouverture d&rsquo;esprit et mon d\u00e9sir de d\u00e9couvrir de nouvelles choses ont \u00e9t\u00e9 influenc\u00e9s par les voyages que j&rsquo;ai faits et ceux que j&rsquo;aimerais faire plus tard. De plus, d\u00e8s l&rsquo;\u00e2ge de 8 ans je me suis mise \u00e0 noter mes voyages dans des carnets, ce qui me permet de retranscrire mon point de vue sur les lieux que j&rsquo;ai d\u00e9couverts et de ne pas oublier tout ce que j&rsquo;ai pu voir.<\/p>\n\n\n\n<div class=\"wp-block-columns is-layout-flex wp-container-core-columns-is-layout-9d6595d7 wp-block-columns-is-layout-flex\">\n<div class=\"wp-block-column is-vertically-aligned-center is-layout-flow wp-block-column-is-layout-flow\"><div class=\"wp-block-image\">\n<figure class=\"aligncenter size-large is-resized\"><img loading=\"lazy\" decoding=\"async\" width=\"768\" height=\"1024\" src=\"http:\/\/www.simd5.l3-digital.fr\/wp-content\/uploads\/2023\/12\/IMG_9182-768x1024.jpg\" alt=\"\" class=\"wp-image-308\" style=\"width:291px;height:auto\" srcset=\"https:\/\/www.simd5.l3-digital.fr\/wp-content\/uploads\/2023\/12\/IMG_9182-768x1024.jpg 768w, https:\/\/www.simd5.l3-digital.fr\/wp-content\/uploads\/2023\/12\/IMG_9182-225x300.jpg 225w, https:\/\/www.simd5.l3-digital.fr\/wp-content\/uploads\/2023\/12\/IMG_9182-1152x1536.jpg 1152w, https:\/\/www.simd5.l3-digital.fr\/wp-content\/uploads\/2023\/12\/IMG_9182-1536x2048.jpg 1536w, https:\/\/www.simd5.l3-digital.fr\/wp-content\/uploads\/2023\/12\/IMG_9182-1140x1520.jpg 1140w, https:\/\/www.simd5.l3-digital.fr\/wp-content\/uploads\/2023\/12\/IMG_9182-scaled.jpg 1920w\" sizes=\"auto, (max-width: 768px) 100vw, 768px\" \/><figcaption class=\"wp-element-caption\">2009 : Guadeloupe<\/figcaption><\/figure>\n<\/div><\/div>\n\n\n\n<div class=\"wp-block-column is-vertically-aligned-center is-layout-flow wp-block-column-is-layout-flow\"><div class=\"wp-block-image\">\n<figure class=\"aligncenter size-large is-resized\"><img loading=\"lazy\" decoding=\"async\" width=\"1024\" height=\"683\" src=\"https:\/\/www.simd5.l3-digital.fr\/wp-content\/uploads\/2023\/12\/que-faire-en-andalousie-scaled-1-1024x683.jpg\" alt=\"\" class=\"wp-image-309\" style=\"width:392px;height:auto\" srcset=\"https:\/\/www.simd5.l3-digital.fr\/wp-content\/uploads\/2023\/12\/que-faire-en-andalousie-scaled-1-1024x683.jpg 1024w, https:\/\/www.simd5.l3-digital.fr\/wp-content\/uploads\/2023\/12\/que-faire-en-andalousie-scaled-1-300x200.jpg 300w, https:\/\/www.simd5.l3-digital.fr\/wp-content\/uploads\/2023\/12\/que-faire-en-andalousie-scaled-1-768x512.jpg 768w, https:\/\/www.simd5.l3-digital.fr\/wp-content\/uploads\/2023\/12\/que-faire-en-andalousie-scaled-1-1536x1024.jpg 1536w, https:\/\/www.simd5.l3-digital.fr\/wp-content\/uploads\/2023\/12\/que-faire-en-andalousie-scaled-1-1140x760.jpg 1140w, https:\/\/www.simd5.l3-digital.fr\/wp-content\/uploads\/2023\/12\/que-faire-en-andalousie-scaled-1.jpg 1920w\" sizes=\"auto, (max-width: 1024px) 100vw, 1024px\" \/><figcaption class=\"wp-element-caption\">2012 : Andalousie<\/figcaption><\/figure>\n<\/div><\/div>\n<\/div>\n\n\n\n<div class=\"wp-block-columns is-layout-flex wp-container-core-columns-is-layout-9d6595d7 wp-block-columns-is-layout-flex\">\n<div class=\"wp-block-column is-vertically-aligned-center is-layout-flow wp-block-column-is-layout-flow\"><div class=\"wp-block-image\">\n<figure class=\"aligncenter size-large is-resized\"><img loading=\"lazy\" decoding=\"async\" width=\"1024\" height=\"680\" src=\"https:\/\/www.simd5.l3-digital.fr\/wp-content\/uploads\/2023\/12\/fotolia_124922363_subscription_monthly_m_0-1024x680.jpg\" alt=\"\" class=\"wp-image-311\" style=\"width:392px;height:auto\" srcset=\"https:\/\/www.simd5.l3-digital.fr\/wp-content\/uploads\/2023\/12\/fotolia_124922363_subscription_monthly_m_0-1024x680.jpg 1024w, https:\/\/www.simd5.l3-digital.fr\/wp-content\/uploads\/2023\/12\/fotolia_124922363_subscription_monthly_m_0-300x199.jpg 300w, https:\/\/www.simd5.l3-digital.fr\/wp-content\/uploads\/2023\/12\/fotolia_124922363_subscription_monthly_m_0-768x510.jpg 768w, https:\/\/www.simd5.l3-digital.fr\/wp-content\/uploads\/2023\/12\/fotolia_124922363_subscription_monthly_m_0-1536x1020.jpg 1536w, https:\/\/www.simd5.l3-digital.fr\/wp-content\/uploads\/2023\/12\/fotolia_124922363_subscription_monthly_m_0-1140x757.jpg 1140w, https:\/\/www.simd5.l3-digital.fr\/wp-content\/uploads\/2023\/12\/fotolia_124922363_subscription_monthly_m_0.jpg 1980w\" sizes=\"auto, (max-width: 1024px) 100vw, 1024px\" \/><figcaption class=\"wp-element-caption\">2013 : Maroc<\/figcaption><\/figure>\n<\/div><\/div>\n\n\n\n<div class=\"wp-block-column is-vertically-aligned-center is-layout-flow wp-block-column-is-layout-flow\"><div class=\"wp-block-image\">\n<figure class=\"aligncenter size-large is-resized\"><img loading=\"lazy\" decoding=\"async\" width=\"1024\" height=\"683\" src=\"https:\/\/www.simd5.l3-digital.fr\/wp-content\/uploads\/2023\/12\/20-4-1024x683.jpg\" alt=\"\" class=\"wp-image-312\" style=\"width:392px;height:auto\" srcset=\"https:\/\/www.simd5.l3-digital.fr\/wp-content\/uploads\/2023\/12\/20-4-1024x683.jpg 1024w, https:\/\/www.simd5.l3-digital.fr\/wp-content\/uploads\/2023\/12\/20-4-300x200.jpg 300w, https:\/\/www.simd5.l3-digital.fr\/wp-content\/uploads\/2023\/12\/20-4-768x512.jpg 768w, https:\/\/www.simd5.l3-digital.fr\/wp-content\/uploads\/2023\/12\/20-4-1140x760.jpg 1140w, https:\/\/www.simd5.l3-digital.fr\/wp-content\/uploads\/2023\/12\/20-4.jpg 1200w\" sizes=\"auto, (max-width: 1024px) 100vw, 1024px\" \/><figcaption class=\"wp-element-caption\">2014 : Sardaigne<\/figcaption><\/figure>\n<\/div><\/div>\n<\/div>\n\n\n\n<div class=\"wp-block-columns is-layout-flex wp-container-core-columns-is-layout-9d6595d7 wp-block-columns-is-layout-flex\">\n<div class=\"wp-block-column is-vertically-aligned-center is-layout-flow wp-block-column-is-layout-flow\"><div class=\"wp-block-image\">\n<figure class=\"aligncenter size-large\"><img loading=\"lazy\" decoding=\"async\" width=\"1024\" height=\"576\" src=\"http:\/\/www.simd5.l3-digital.fr\/wp-content\/uploads\/2023\/11\/toscane2015-10-1024x576.jpg\" alt=\"\" class=\"wp-image-176\" srcset=\"https:\/\/www.simd5.l3-digital.fr\/wp-content\/uploads\/2023\/11\/toscane2015-10-1024x576.jpg 1024w, https:\/\/www.simd5.l3-digital.fr\/wp-content\/uploads\/2023\/11\/toscane2015-10-300x169.jpg 300w, https:\/\/www.simd5.l3-digital.fr\/wp-content\/uploads\/2023\/11\/toscane2015-10-768x432.jpg 768w, https:\/\/www.simd5.l3-digital.fr\/wp-content\/uploads\/2023\/11\/toscane2015-10-1536x864.jpg 1536w, https:\/\/www.simd5.l3-digital.fr\/wp-content\/uploads\/2023\/11\/toscane2015-10-2048x1152.jpg 2048w, https:\/\/www.simd5.l3-digital.fr\/wp-content\/uploads\/2023\/11\/toscane2015-10-1140x641.jpg 1140w\" sizes=\"auto, (max-width: 1024px) 100vw, 1024px\" \/><figcaption class=\"wp-element-caption\">2015 : Toscane<\/figcaption><\/figure>\n<\/div><\/div>\n\n\n\n<div class=\"wp-block-column is-vertically-aligned-center is-layout-flow wp-block-column-is-layout-flow\"><div class=\"wp-block-image\">\n<figure class=\"aligncenter size-large is-resized\"><img loading=\"lazy\" decoding=\"async\" width=\"1024\" height=\"614\" src=\"http:\/\/www.simd5.l3-digital.fr\/wp-content\/uploads\/2023\/11\/calafat13-2017-1024x614.jpg\" alt=\"\" class=\"wp-image-171\" style=\"width:392px;height:auto\" srcset=\"https:\/\/www.simd5.l3-digital.fr\/wp-content\/uploads\/2023\/11\/calafat13-2017-1024x614.jpg 1024w, https:\/\/www.simd5.l3-digital.fr\/wp-content\/uploads\/2023\/11\/calafat13-2017-300x180.jpg 300w, https:\/\/www.simd5.l3-digital.fr\/wp-content\/uploads\/2023\/11\/calafat13-2017-768x461.jpg 768w, https:\/\/www.simd5.l3-digital.fr\/wp-content\/uploads\/2023\/11\/calafat13-2017-1536x922.jpg 1536w, https:\/\/www.simd5.l3-digital.fr\/wp-content\/uploads\/2023\/11\/calafat13-2017-2048x1229.jpg 2048w, https:\/\/www.simd5.l3-digital.fr\/wp-content\/uploads\/2023\/11\/calafat13-2017-1140x684.jpg 1140w\" sizes=\"auto, (max-width: 1024px) 100vw, 1024px\" \/><figcaption class=\"wp-element-caption\">2017 : Catalogne<\/figcaption><\/figure>\n<\/div><\/div>\n<\/div>\n\n\n\n<div class=\"wp-block-columns is-layout-flex wp-container-core-columns-is-layout-9d6595d7 wp-block-columns-is-layout-flex\">\n<div class=\"wp-block-column is-vertically-aligned-center is-layout-flow wp-block-column-is-layout-flow\"><div class=\"wp-block-image\">\n<figure class=\"aligncenter size-large is-resized\"><img loading=\"lazy\" decoding=\"async\" width=\"768\" height=\"1024\" src=\"http:\/\/www.simd5.l3-digital.fr\/wp-content\/uploads\/2023\/11\/malte-34-768x1024.jpg\" alt=\"\" class=\"wp-image-175\" style=\"width:268px;height:auto\" srcset=\"https:\/\/www.simd5.l3-digital.fr\/wp-content\/uploads\/2023\/11\/malte-34-768x1024.jpg 768w, https:\/\/www.simd5.l3-digital.fr\/wp-content\/uploads\/2023\/11\/malte-34-225x300.jpg 225w, https:\/\/www.simd5.l3-digital.fr\/wp-content\/uploads\/2023\/11\/malte-34-1152x1536.jpg 1152w, https:\/\/www.simd5.l3-digital.fr\/wp-content\/uploads\/2023\/11\/malte-34-1536x2048.jpg 1536w, https:\/\/www.simd5.l3-digital.fr\/wp-content\/uploads\/2023\/11\/malte-34-1140x1520.jpg 1140w, https:\/\/www.simd5.l3-digital.fr\/wp-content\/uploads\/2023\/11\/malte-34-scaled.jpg 1920w\" sizes=\"auto, (max-width: 768px) 100vw, 768px\" \/><figcaption class=\"wp-element-caption\">2018 : Malte<\/figcaption><\/figure>\n<\/div><\/div>\n\n\n\n<div class=\"wp-block-column is-vertically-aligned-center is-layout-flow wp-block-column-is-layout-flow\"><div class=\"wp-block-image\">\n<figure class=\"aligncenter size-large\"><img loading=\"lazy\" decoding=\"async\" width=\"1024\" height=\"768\" src=\"http:\/\/www.simd5.l3-digital.fr\/wp-content\/uploads\/2023\/11\/20190808_153922-1024x768.jpg\" alt=\"\" class=\"wp-image-170\" srcset=\"https:\/\/www.simd5.l3-digital.fr\/wp-content\/uploads\/2023\/11\/20190808_153922-1024x768.jpg 1024w, https:\/\/www.simd5.l3-digital.fr\/wp-content\/uploads\/2023\/11\/20190808_153922-300x225.jpg 300w, https:\/\/www.simd5.l3-digital.fr\/wp-content\/uploads\/2023\/11\/20190808_153922-768x576.jpg 768w, https:\/\/www.simd5.l3-digital.fr\/wp-content\/uploads\/2023\/11\/20190808_153922-1536x1152.jpg 1536w, https:\/\/www.simd5.l3-digital.fr\/wp-content\/uploads\/2023\/11\/20190808_153922-2048x1536.jpg 2048w, https:\/\/www.simd5.l3-digital.fr\/wp-content\/uploads\/2023\/11\/20190808_153922-1140x855.jpg 1140w\" sizes=\"auto, (max-width: 1024px) 100vw, 1024px\" \/><figcaption class=\"wp-element-caption\">2019 : Pays Basque<\/figcaption><\/figure>\n<\/div><\/div>\n<\/div>\n\n\n\n<div class=\"wp-block-columns is-layout-flex wp-container-core-columns-is-layout-9d6595d7 wp-block-columns-is-layout-flex\">\n<div class=\"wp-block-column is-vertically-aligned-center is-layout-flow wp-block-column-is-layout-flow\"><div class=\"wp-block-image\">\n<figure class=\"aligncenter size-large is-resized\"><img loading=\"lazy\" decoding=\"async\" width=\"768\" height=\"1024\" src=\"http:\/\/www.simd5.l3-digital.fr\/wp-content\/uploads\/2023\/11\/5652-768x1024.jpeg\" alt=\"\" class=\"wp-image-177\" style=\"width:258px;height:auto\" srcset=\"https:\/\/www.simd5.l3-digital.fr\/wp-content\/uploads\/2023\/11\/5652-768x1024.jpeg 768w, https:\/\/www.simd5.l3-digital.fr\/wp-content\/uploads\/2023\/11\/5652-225x300.jpeg 225w, https:\/\/www.simd5.l3-digital.fr\/wp-content\/uploads\/2023\/11\/5652-1152x1536.jpeg 1152w, https:\/\/www.simd5.l3-digital.fr\/wp-content\/uploads\/2023\/11\/5652-1536x2048.jpeg 1536w, https:\/\/www.simd5.l3-digital.fr\/wp-content\/uploads\/2023\/11\/5652-1140x1520.jpeg 1140w, https:\/\/www.simd5.l3-digital.fr\/wp-content\/uploads\/2023\/11\/5652-scaled.jpeg 1920w\" sizes=\"auto, (max-width: 768px) 100vw, 768px\" \/><figcaption class=\"wp-element-caption\">2020 : Gr\u00e8ce<\/figcaption><\/figure>\n<\/div><\/div>\n\n\n\n<div class=\"wp-block-column is-vertically-aligned-center is-layout-flow wp-block-column-is-layout-flow\"><div class=\"wp-block-image\">\n<figure class=\"aligncenter size-large is-resized\"><img loading=\"lazy\" decoding=\"async\" width=\"768\" height=\"1024\" src=\"http:\/\/www.simd5.l3-digital.fr\/wp-content\/uploads\/2023\/11\/IMG_6606_Original-768x1024.jpg\" alt=\"\" class=\"wp-image-183\" style=\"width:253px;height:auto\" srcset=\"https:\/\/www.simd5.l3-digital.fr\/wp-content\/uploads\/2023\/11\/IMG_6606_Original-768x1024.jpg 768w, https:\/\/www.simd5.l3-digital.fr\/wp-content\/uploads\/2023\/11\/IMG_6606_Original-225x300.jpg 225w, https:\/\/www.simd5.l3-digital.fr\/wp-content\/uploads\/2023\/11\/IMG_6606_Original-1152x1536.jpg 1152w, https:\/\/www.simd5.l3-digital.fr\/wp-content\/uploads\/2023\/11\/IMG_6606_Original-1536x2048.jpg 1536w, https:\/\/www.simd5.l3-digital.fr\/wp-content\/uploads\/2023\/11\/IMG_6606_Original-1140x1520.jpg 1140w, https:\/\/www.simd5.l3-digital.fr\/wp-content\/uploads\/2023\/11\/IMG_6606_Original-scaled.jpg 1920w\" sizes=\"auto, (max-width: 768px) 100vw, 768px\" \/><figcaption class=\"wp-element-caption\">2022 : Costa Brava<\/figcaption><\/figure>\n<\/div><\/div>\n<\/div>\n\n\n\n<div class=\"wp-block-columns is-layout-flex wp-container-core-columns-is-layout-9d6595d7 wp-block-columns-is-layout-flex\">\n<div class=\"wp-block-column is-vertically-aligned-center is-layout-flow wp-block-column-is-layout-flow\"><div class=\"wp-block-image\">\n<figure class=\"aligncenter size-large is-resized\"><img loading=\"lazy\" decoding=\"async\" width=\"768\" height=\"1024\" src=\"http:\/\/www.simd5.l3-digital.fr\/wp-content\/uploads\/2023\/11\/IMG_9570_Original-768x1024.jpg\" alt=\"\" class=\"wp-image-181\" style=\"width:252px;height:auto\" srcset=\"https:\/\/www.simd5.l3-digital.fr\/wp-content\/uploads\/2023\/11\/IMG_9570_Original-768x1024.jpg 768w, https:\/\/www.simd5.l3-digital.fr\/wp-content\/uploads\/2023\/11\/IMG_9570_Original-225x300.jpg 225w, https:\/\/www.simd5.l3-digital.fr\/wp-content\/uploads\/2023\/11\/IMG_9570_Original-1152x1536.jpg 1152w, https:\/\/www.simd5.l3-digital.fr\/wp-content\/uploads\/2023\/11\/IMG_9570_Original-1536x2048.jpg 1536w, https:\/\/www.simd5.l3-digital.fr\/wp-content\/uploads\/2023\/11\/IMG_9570_Original-1140x1520.jpg 1140w, https:\/\/www.simd5.l3-digital.fr\/wp-content\/uploads\/2023\/11\/IMG_9570_Original-scaled.jpg 1920w\" sizes=\"auto, (max-width: 768px) 100vw, 768px\" \/><figcaption class=\"wp-element-caption\">2023 : Lanzarote<\/figcaption><\/figure>\n<\/div><\/div>\n\n\n\n<div class=\"wp-block-column is-vertically-aligned-center is-layout-flow wp-block-column-is-layout-flow\"><div class=\"wp-block-image\">\n<figure class=\"aligncenter size-large is-resized\"><img loading=\"lazy\" decoding=\"async\" width=\"768\" height=\"1024\" src=\"http:\/\/www.simd5.l3-digital.fr\/wp-content\/uploads\/2023\/11\/IMG_0507_Original-768x1024.jpg\" alt=\"\" class=\"wp-image-180\" style=\"width:257px;height:auto\" srcset=\"https:\/\/www.simd5.l3-digital.fr\/wp-content\/uploads\/2023\/11\/IMG_0507_Original-768x1024.jpg 768w, https:\/\/www.simd5.l3-digital.fr\/wp-content\/uploads\/2023\/11\/IMG_0507_Original-225x300.jpg 225w, https:\/\/www.simd5.l3-digital.fr\/wp-content\/uploads\/2023\/11\/IMG_0507_Original-1152x1536.jpg 1152w, https:\/\/www.simd5.l3-digital.fr\/wp-content\/uploads\/2023\/11\/IMG_0507_Original-1536x2048.jpg 1536w, https:\/\/www.simd5.l3-digital.fr\/wp-content\/uploads\/2023\/11\/IMG_0507_Original-1140x1520.jpg 1140w, https:\/\/www.simd5.l3-digital.fr\/wp-content\/uploads\/2023\/11\/IMG_0507_Original-scaled.jpg 1920w\" sizes=\"auto, (max-width: 768px) 100vw, 768px\" \/><figcaption class=\"wp-element-caption\">2023 : Ile Maurice<\/figcaption><\/figure>\n<\/div><\/div>\n<\/div>\n\n\n\n<div class=\"wp-block-columns is-layout-flex wp-container-core-columns-is-layout-9d6595d7 wp-block-columns-is-layout-flex\">\n<div class=\"wp-block-column is-vertically-aligned-center is-layout-flow wp-block-column-is-layout-flow\">\n<p class=\"has-text-align-left\"><a href=\"https:\/\/www.simd5.l3-digital.fr\/index.php\/la-danse\/\" data-type=\"page\" data-id=\"134\">&lt;&lt; La danse <\/a><\/p>\n<\/div>\n\n\n\n<div class=\"wp-block-column is-layout-flow wp-block-column-is-layout-flow\">\n<p class=\"has-text-align-right\"><a href=\"https:\/\/www.simd5.l3-digital.fr\/index.php\/la-lecture\/\" data-type=\"page\" data-id=\"188\">La lecture &gt;&gt;<\/a><\/p>\n<\/div>\n<\/div>\n","protected":false},"excerpt":{"rendered":"<p>Gr\u00e2ce \u00e0 mes parents, j&rsquo;ai eu la chance de beaucoup voyager. D\u00e8s l&rsquo;\u00e2ge de 5 ans, j&rsquo;ai d\u00e9couvert de nombreuses cultures, pays et paysages. Tous ces voyages m&rsquo;ont permis d&rsquo;ouvrir les yeux sur les conditions de vie, qui sont parfois diff\u00e9rentes et plus difficiles, dans d&rsquo;autres pays. J&rsquo;ai beaucoup appris sur l&rsquo;histoire de chaque pays ; j&rsquo;ai \u00e9galement surmont\u00e9 des peurs et rencontr\u00e9 des personnes. Je pense que mon ouverture d&rsquo;esprit et mon d\u00e9sir de d\u00e9couvrir de nouvelles choses ont \u00e9t\u00e9 influenc\u00e9s par les voyages que j&rsquo;ai faits et ceux que j&rsquo;aimerais faire plus tard. De plus, d\u00e8s l&rsquo;\u00e2ge de 8 ans je me suis mise \u00e0 noter mes voyages dans des carnets, ce qui me permet de retranscrire mon point de vue sur les lieux que j&rsquo;ai d\u00e9couverts et de ne pas oublier tout ce que j&rsquo;ai pu voir. &lt;&lt; La danse La lecture &gt;&gt;<\/p>\n","protected":false},"author":3,"featured_media":0,"parent":0,"menu_order":0,"comment_status":"closed","ping_status":"closed","template":"","meta":{"footnotes":""},"class_list":["post-150","page","type-page","status-publish","hentry"],"_links":{"self":[{"href":"https:\/\/www.simd5.l3-digital.fr\/index.php\/wp-json\/wp\/v2\/pages\/150","targetHints":{"allow":["GET"]}}],"collection":[{"href":"https:\/\/www.simd5.l3-digital.fr\/index.php\/wp-json\/wp\/v2\/pages"}],"about":[{"href":"https:\/\/www.simd5.l3-digital.fr\/index.php\/wp-json\/wp\/v2\/types\/page"}],"author":[{"embeddable":true,"href":"https:\/\/www.simd5.l3-digital.fr\/index.php\/wp-json\/wp\/v2\/users\/3"}],"replies":[{"embeddable":true,"href":"https:\/\/www.simd5.l3-digital.fr\/index.php\/wp-json\/wp\/v2\/comments?post=150"}],"version-history":[{"count":26,"href":"https:\/\/www.simd5.l3-digital.fr\/index.php\/wp-json\/wp\/v2\/pages\/150\/revisions"}],"predecessor-version":[{"id":350,"href":"https:\/\/www.simd5.l3-digital.fr\/index.php\/wp-json\/wp\/v2\/pages\/150\/revisions\/350"}],"wp:attachment":[{"href":"https:\/\/www.simd5.l3-digital.fr\/index.php\/wp-json\/wp\/v2\/media?parent=150"}],"curies":[{"name":"wp","href":"https:\/\/api.w.org\/{rel}","templated":true}]}}